, 7159
List the prime factors of 60632494.
2, 13, 43, 193, 281
List the prime factors of 2316039395.
5, 23, 59, 341347
What are the prime factors of 2133935603?
3539, 602977
List the prime factors of 2422573266.
2, 3, 403762211
What are the prime factors of 384006601?
11, 233, 149827
List the prime factors of 19004004.
2, 3, 175963
What are the prime factors of 1999492964?
2, 7, 113, 163, 3877
What are the prime factors of 39581753?
113, 350281
List the prime factors of 211174049.
13127, 16087
List the prime factors of 3080975.
5, 123239
List the prime factors of 58983819.
3, 19661273
What are the prime factors of 110821316?
2, 151, 183479
What are the prime factors of 1302273906?
2, 3, 71, 3056981
List the prime factors of 5836459069.
7, 37, 609043
List the prime factors of 310153813.
310153813
List the prime factors of 42930038.
2, 331, 64849
What are the prime factors of 1919941149?
3, 7, 91425769
What are the prime factors of 475619841?
3, 71, 167, 4457
List the prime factors of 790484256.
2, 3, 449, 6113
List the prime factors of 4110934651.
4110934651
List the prime factors of 392879924.
2, 1409, 69709
List the prime factors of 61565007.
3, 7, 17, 331, 521
List the prime factors of 119300135.
5, 17, 1403531
What are the prime factors of 532525403?
532525403
What are the prime factors of 5515351985?
5, 11, 13, 53, 145543
List the prime factors of 229642272.
2, 3, 211, 3779
What are the prime factors of 3123899370?
2, 3, 5, 79, 439367
List the prime factors of 86767211.
67, 1295033
List the prime factors of 1942265200.
2, 5, 1289, 3767
List the prime factors of 358574570.
2, 5, 1483, 24179
List the prime factors of 203962260.
2, 3, 5, 17, 359, 557
List the prime factors of 76107233.
2243, 33931
What are the prime factors of 2656554974?
2, 1328277487
What are the prime factors of 761495822?
2, 23, 313, 52889
List the prime factors of 329546966.
2, 7, 73, 127, 2539
List the prime factors of 3248547.
3, 17, 63697
What are the prime factors of 228767413?
7, 41, 67, 11897
What are the prime factors of 23533043?
23533043
List the prime factors of 2157094556.
2, 811, 664949
List the prime factors of 1419269064.
2, 3, 59136211
What are the prime factors of 1845419454?
2, 3, 102523303
List the prime factors of 117513379.
607, 193597
List the prime factors of 763072875.
3, 5, 137, 4951
What are the prime factors of 35965275?
3, 5, 73, 6569
List the prime factors of 7706411903.
13879, 555257
List the prime factors of 554901545.
5, 11, 1019, 9901
What are the prime factors of 31949429?
31949429
What are the prime factors of 1608798242?
2, 804399121
List the prime factors of 34788798.
2, 3, 11, 58567
What are the prime factors of 2097157144?
2, 619, 423497
List the prime factors of 2286809105.
5, 7, 65337403
List the prime factors of 203366049.
3, 43, 839, 1879
What are the prime factors of 1917378475?
5, 103, 107, 6959
List the prime factors of 199056454.
2, 109, 913103
List the prime factors of 275233357.
7, 4657, 8443
What are the prime factors of 4107534196?
2, 1697, 605117
What are the prime factors of 1001520592?
2, 17, 3682061
What are the prime factors of 97356301?
7, 13908043
List the prime factors of 149088480.
2, 3, 5, 131, 2371
List the prime factors of 517580848.
2, 32348803
What are the prime factors of 23619152?
2, 953, 1549
List the prime factors of 4015811209.
4015811209
List the prime factors of 220316214.
2, 3, 36719369
List the prime factors of 36178892.
2, 29, 41, 7607
List the prime factors of 1986548309.
1986548309
What are the prime factors of 263210573?
379, 694487
List the prime factors of 106631944.
2, 13328993
List the prime factors of 20310041.
149, 136309
List the prime factors of 38732174.
2, 13, 919, 1621
List the prime factors of 2127641574.
2, 3, 239, 1483711
List the prime factors of 85250923.
29, 37, 79451
What are the prime factors of 1559441884?
2, 7, 11, 13, 67, 5813
List the prime factors of 525388594.
2, 1051, 249947
What are the prime factors of 445480042?
2, 7, 19, 1674737
What are the prime factors of 1086432152?
2, 13, 43, 83, 2927
What are the prime factors of 1220181?
3, 101, 4027
What are the prime factors of 2293557477?
3, 1511, 505969
What are the prime factors of 163837457?
7, 113, 207127
List the prime factors of 1289271618.
2, 3, 29, 2469869
What are the prime factors of 112700683?
112700683
What are the prime factors of 315327605?
5, 61, 739, 1399
List the prime factors of 238845017.
67, 587, 6073
What are the prime factors of 95379166?
2, 2447, 19489
What are the prime factors of 385495880?
2, 5, 7, 11, 47, 2663
What are the prime factors of 209306854?
2, 23, 31, 37, 3967
List the prime factors of 30520956.
2, 3, 2543413
What are the prime factors of 3779244093?
3, 12239, 102929
List the prime factors of 36207305.
5, 41, 239, 739
List the prime factors of 105276446.
2, 11, 4785293
What are the prime factors of 86980631?
86980631
What are the prime factors of 147144901?
147144901
What are the prime factors of 70505394?
2, 3, 11750899
What are the prime factors of 1338956?
2, 37, 83, 109
What are the prime factors of 113195922?
2, 3, 7, 2695141
What are the prime factors of 8568843?
3, 1063, 2687
List the prime factors of 54090154.
2, 27045077
What are the prime factors of 1253441535?
3, 5, 17, 139, 35363
What are the prime factors of 61262702?
2, 43, 712357
List the prime factors of 3734609366.
2, 7177, 260179
List the prime factors of 454695640.
2, 5, 7, 29, 55997
What are the prime factors of 850344385?
5, 11, 23, 672209
List the prime factors of 1402681576.
2, 59, 283, 10501
What are the prime factors of 2413566533?
7, 344795219
What are the prime factors of 1518597597?
3, 11, 46018109
What are the prime factors of 295062067?
193, 263, 5813
What are the prime factors of 267171094?
2, 61, 73, 131, 229
List the prime factors of 202431973.
202431973
What are the prime factors of 99763227?
3, 11084803
What are the prime factors of 450825998?
2, 7, 193, 166849
List the prime factors of 382764146.
2, 17, 47, 239527
What are the prime factors of 2145583824?
2, 3, 37, 769, 1571
What are the prime factors of 827192640?
2, 3, 5, 861659
What are the prime factors of 3834912111?
3, 1278304037
List the prime factors of 89519907.
3, 29839969
What are the prime factors of 6629244609?
3, 13, 19, 173, 51713
What are the prime factors of 194879712?
2, 3, 2029997
List the prime factors of 221327097.
3, 17, 4339747
What are the prime factors of 1622677820?
2, 5, 47, 1726253
List the prime factors of 1668284966.
2, 3701, 225383
List the prime factors of 44172948.
2, 3, 19, 193741
What are the prime factors of 12301292?
2, 3075323
List the prime factors of 847744718.
2, 23, 229, 3499
List the prime factors of 47560865.
5, 11, 127, 619
List the prime factors of 28857608.
2, 13, 59, 4703
List the prime factors of 293499805.
5, 58699961
What are the prime factors of 8710967310?
2, 3, 5, 47, 6177991
What are the prime factors of 43182160?
2, 5, 7, 29, 2659
List the prime factors of 302500614.
2, 3, 13, 43, 90191
List the prime factors of 14548707.
3, 538841
What are the prime factors of 254577938?
2, 23, 41, 347, 389
List the prime factors of 24984472.
2, 37, 84407
List the prime factors of 14706311.
257, 57223
What are the prime factors of 1890426021?
3, 11, 59, 970943
What are the prime factors of 455491707?
3, 11, 109, 126631
What are the prime factors of 24146312?
2, 3018289
List the prime factors of 288294394.
2, 29, 353, 14081
List the prime factors of 139243447.
7, 17, 167159
List the prime factors of 277363885.
5, 863, 64279
What are the prime factors of 420881689?
420881689
List the prime factors of 61651457.
7, 67, 89, 211
What are the prime factors of 773083195?
5, 59, 61, 42961
List the prime factors of 78891790.
2, 5, 41, 317, 607
List the prime factors of 158718522.
2, 3, 157, 168491
List the prime factors of 2101596908.
2, 3607, 145661
List the prime factors of 3531537340.
2, 5, 53, 3331639
What are the prime factors of 2156891?
11, 196081
What are the prime factors of 122930653?
23, 397, 13463
List the prime factors of 49451958.
2, 3, 97, 1049
List the prime factors of 38631944.
2, 13, 29, 12809
List the prime factors of 27521485.
5, 683, 8059
List the prime factors of 57609817.
57609817
List the prim